ctors of 1240930?
2, 5, 31, 4003
What are the prime factors of 5846576?
2, 365411
List the prime factors of 1343741.
7, 97, 1979
What are the prime factors of 3227327?
61, 191, 277
What are the prime factors of 3311081?
3311081
List the prime factors of 414471.
3, 138157
What are the prime factors of 10298045?
5, 29, 31, 79
What are the prime factors of 6426594?
2, 3, 61, 1951
List the prime factors of 250351.
79, 3169
What are the prime factors of 9755191?
9755191
What are the prime factors of 1942890?
2, 3, 5, 64763
What are the prime factors of 1037255?
5, 17, 12203
List the prime factors of 570820.
2, 5, 28541
What are the prime factors of 18916911?
3, 13, 161683
What are the prime factors of 7361771?
23, 331, 967
What are the prime factors of 1313148?
2, 3, 17, 41, 157
What are the prime factors of 252320?
2, 5, 19, 83
What are the prime factors of 1055552?
2, 16493
What are the prime factors of 133747?
79, 1693
What are the prime factors of 1386919?
409, 3391
List the prime factors of 3437261.
3437261
What are the prime factors of 31694867?
5417, 5851
What are the prime factors of 1657051?
11, 97, 1553
List the prime factors of 619439.
79, 7841
List the prime factors of 5200756.
2, 11, 19, 6221
What are the prime factors of 3486233?
3486233
What are the prime factors of 8485798?
2, 1091, 3889
What are the prime factors of 1179395?
5, 7, 31, 1087
List the prime factors of 6011720.
2, 5, 11, 13, 1051
What are the prime factors of 6043586?
2, 277, 10909
What are the prime factors of 1888472?
2, 59, 4001
What are the prime factors of 4215588?
2, 3, 13, 61, 443
What are the prime factors of 5729911?
11, 47, 11083
List the prime factors of 38773761.
3, 13, 994199
What are the prime factors of 6274292?
2, 17, 92269
List the prime factors of 5080687.
5080687
What are the prime factors of 253613?
253613
What are the prime factors of 2813827?
2813827
What are the prime factors of 7224650?
2, 5, 131, 1103
List the prime factors of 687450.
2, 3, 5, 4583
What are the prime factors of 311297?
7, 6353
List the prime factors of 6516539.
6516539
List the prime factors of 123386.
2, 17, 19, 191
What are the prime factors of 1964920?
2, 5, 49123
What are the prime factors of 586283?
19, 59, 523
What are the prime factors of 487549?
37, 13177
What are the prime factors of 122579?
122579
What are the prime factors of 1623416?
2, 307, 661
What are the prime factors of 562942?
2, 173, 1627
List the prime factors of 6151085.
5, 71, 17327
List the prime factors of 445090.
2, 5, 47, 947
What are the prime factors of 525090?
2, 3, 5, 23, 761
List the prime factors of 375579.
3, 29, 1439
List the prime factors of 727785.
3, 5, 599
What are the prime factors of 3150765?
3, 5, 23339
List the prime factors of 353276.
2, 7, 11, 31, 37
What are the prime factors of 7865670?
2, 3, 5, 29, 9041
What are the prime factors of 475554?
2, 3, 79259
What are the prime factors of 1320500?
2, 5, 19, 139
What are the prime factors of 847408?
2, 52963
List the prime factors of 463766.
2, 461, 503
List the prime factors of 18065315.
5, 53, 68171
What are the prime factors of 275243?
37, 43, 173
List the prime factors of 473182.
2, 103, 2297
List the prime factors of 715695.
3, 5, 47713
What are the prime factors of 42415604?
2, 7, 11, 137713
What are the prime factors of 861785?
5, 172357
List the prime factors of 287588.
2, 7, 10271
List the prime factors of 872060.
2, 5, 7, 6229
What are the prime factors of 3246908?
2, 7, 61, 1901
What are the prime factors of 30166344?
2, 3, 13, 3581
List the prime factors of 9411197.
31, 303587
What are the prime factors of 1039779?
3, 13, 8887
List the prime factors of 7073263.
19, 372277
What are the prime factors of 1393809?
3, 464603
What are the prime factors of 243366?
2, 3, 47, 863
What are the prime factors of 3499839?
3, 7, 73, 761
List the prime factors of 180514.
2, 43, 2099
List the prime factors of 746031.
3, 11, 13, 37, 47
What are the prime factors of 2988024?
2, 3, 13, 61, 157
List the prime factors of 1076553.
3, 119617
What are the prime factors of 1647107?
7, 11, 21391
What are the prime factors of 5887124?
2, 97, 15173
What are the prime factors of 20780182?
2, 29, 358279
What are the prime factors of 20038434?
2, 3, 13, 256903
What are the prime factors of 27695976?
2, 3, 7, 11, 2141
What are the prime factors of 1182136?
2, 107, 1381
What are the prime factors of 5807230?
2, 5, 11, 13, 31, 131
List the prime factors of 55551.
3, 18517
List the prime factors of 125858.
2, 62929
What are the prime factors of 2617650?
2, 3, 5, 7, 277
What are the prime factors of 291304?
2, 13, 2801
What are the prime factors of 7449798?
2, 3, 643, 1931
What are the prime factors of 275727?
3, 91909
What are the prime factors of 207889?
11, 18899
List the prime factors of 130808.
2, 83, 197
What are the prime factors of 1478933?
1478933
What are the prime factors of 346142?
2, 19, 9109
What are the prime factors of 481958?
2, 397, 607
What are the prime factors of 2125086?
2, 3, 354181
List the prime factors of 3759469.
7, 537067
What are the prime factors of 3915041?
13, 61, 4937
List the prime factors of 510134.
2, 379, 673
List the prime factors of 1319844.
2, 3, 109987
List the prime factors of 366506.
2, 7, 47, 557
List the prime factors of 11684041.
601, 19441
What are the prime factors of 241288?
2, 30161
List the prime factors of 446596.
2, 311, 359
What are the prime factors of 428354?
2, 214177
What are the prime factors of 225354?
2, 3, 23, 71
What are the prime factors of 27830950?
2, 5, 7, 131, 607
What are the prime factors of 1829496?
2, 3, 31, 2459
What are the prime factors of 18739?
7, 2677
List the prime factors of 39027.
3, 13009
What are the prime factors of 2239315?
5, 13, 47, 733
List the prime factors of 227509.
31, 41, 179
What are the prime factors of 32705208?
2, 3, 41, 1231
List the prime factors of 2816418.
2, 3, 11, 139, 307
What are the prime factors of 47677?
7, 139
What are the prime factors of 220924?
2, 11, 5021
What are the prime factors of 22838?
2, 19, 601
List the prime factors of 30966.
2, 3, 13, 397
List the prime factors of 2824784.
2, 176549
What are the prime factors of 286108?
2, 71527
What are the prime factors of 97634?
2, 48817
What are the prime factors of 1075520?
2, 5, 3361
What are the prime factors of 3744527?
3744527
List the prime factors of 445433.
445433
What are the prime factors of 13031537?
17, 43, 17827
List the prime factors of 264940.
2, 5, 13, 1019
What are the prime factors of 3430218?
2, 3, 11, 51973
What are the prime factors of 7529782?
2, 13, 289607
What are the prime factors of 68908?
2, 7, 23, 107
What are the prime factors of 8688793?
2389, 3637
List the prime factors of 31323186.
2, 3, 64451
What are the prime factors of 2163680?
2, 5, 13523
List the prime factors of 1578511.
11, 143501
List the prime factors of 174091.
174091
What are the prime factors of 2215210?
2, 5, 19, 89, 131
List the prime factors of 305250.
2, 3, 5, 11, 37
What are the prime factors of 27539?
27539
List the prime factors of 56986.
2, 28493
List the prime factors of 377097.
3, 7, 17957
What are the prime factors of 9402337?
7, 43, 31237
List the prime factors of 3441.
3, 31, 37
List the prime factors of 10656021.
3, 29, 53, 2311
List the prime factors of 328813.
328813
What are the prime factors of 28176233?
337, 83609
List the prime factors of 1416440.
2, 5, 17, 2083
What are the prime factors of 25946?
2, 12973
List the prime factors of 494903.
494903
List the prime factors of 347602.
2, 151, 1151
List the prime factors of 339097.
11, 29, 1063
List the prime factors of 1162425.
3, 5, 11, 1409
What are the prime factors of 86455?
5, 17291
List the prime factors of 4551735.
3, 5, 19, 15971
What are the prime factors of 1074779?
73, 14723
What are the prime factors of 5772661?
5772661
List the prime factors of 9635357.
9635357
List the prime factors of 427088.
2, 26693
What are the prime factors of 1337376?
2, 3, 13931
What are the prime factors of 968848?
2, 19, 3187
List the prime factors of 340375.
5, 7, 389
List the prime factors of 23827543.
47, 397, 1277
What are the prime factors of 1722165?
3, 5, 29, 37, 107
List the prime factors of 11064463.
1033, 10711
List the prime factors of 3610